ulate q(-77).
4
Let r(m) = -m**3 + 156*m**2 + 1076*m + 634. Give r(-6).
10
Let o(k) = 57*k - 12219. Give o(218).
207
Let b(t) = t**2 - 128*t - 449. What is b(135)?
496
Let o(j) = 1038*j + 16846. What is o(-14)?
2314
Let z(a) = 128*a**2 + 566*a + 2284. Give z(-4).
2068
Let i(u) = -15566*u + 357986. Calculate i(23).
-32
Let o(s) = s**3 + 24*s**2 - 315*s - 5708. What is o(-19)?
2082
Let o(q) = -3*q**3 - 38*q**2 - 48*q + 333. What is o(-10)?
13
Let n(s) = -s**3 - 137*s**2 - 2095*s - 303. Give n(-17).
632
Let r(w) = -16*w**2 - 118*w + 1330. What is r(10)?
-1450
Let a(x) = 406*x**2 - 6914*x + 219. Calculate a(17).
15
Let g(v) = 13123*v + 512036. Determine g(-39).
239
Let w(h) = -h**3 - 26*h**2 - 72*h - 138. What is w(-23)?
-69
Let d(j) = j**3 - 33*j**2 + 24*j + 384. Determine d(4).
16
Let q(v) = 94772*v + 2937932. Calculate q(-31).
0
Let b(r) = 2*r**3 + 205*r**2 - 301*r + 726. What is b(-104)?
-418
Let x(d) = -773*d + 84265. Determine x(109).
8
Let x(p) = -318*p + 3662. Determine x(11).
164
Let m(p) = p**2 + 28818*p + 2585527. Calculate m(-90).
7
Let g(u) = -u**3 - 3*u**2 + 20*u - 1280. Calculate g(0).
-1280
Let y(s) = -6*s**2 + 75*s + 878. Calculate y(-16).
-1858
Let y(a) = a**2 + 56470*a + 621056. What is y(-11)?
7
Let b(r) = 7*r**2 - 53*r + 214. Calculate b(7).
186
Let n(k) = 2359*k - 44935. What is n(19)?
-114
Let l(s) = 19*s**3 + 4*s**2 - 197*s + 193. What is l(1)?
19
Let u(y) = 264*y**2 + 1859*y - 12. What is u(-7)?
-89
Let s(i) = -6*i**3 + 88*i**2 - 72*i + 202. Give s(14).
-22
Let m(b) = -b**3 - 87*b**2 + 2127*b - 1398. What is m(-107)?
-7
Let d(s) = -s**3 + 25*s**2 - 735*s + 18009. Determine d(25).
-366
Let o(w) = 13*w**2 + 25535*w + 51071. Give o(-2).
53
Let k(y) = 1722*y - 5161. Determine k(3).
5
Let f(x) = 6*x**3 - 174*x**2 + 86*x + 260. Determine f(-1).
-6
Let o(r) = -92*r**3 + 5*r**2 - 27*r + 2. What is o(3)?
-2518
Let b(c) = 636*c**2 - 24172*c - 51. Give b(38).
-203
Let s(t) = -1776*t + 64589. Determine s(36).
653
Let y(q) = 37*q**2 + 1133*q + 5671. Give y(-5).
931
Let p(k) = -2*k**2 - 152*k - 1455. What is p(-65)?
-25
Let n(a) = 5850*a + 49. Calculate n(1).
5899
Let s(p) = -6324*p + 8013. Calculate s(1).
1689
Let a(b) = -66106*b - 66088. Determine a(-1).
18
Let w(g) = -g**3 + 45*g**2 + 155*g + 643. What is w(49)?
-1366
Let u(p) = p**3 + 35*p**2 + 13988*p + 474448. Determine u(-34).
12
Let p(h) = 2*h**2 + 226*h - 117060. Give p(192).
60
Let h(l) = l**3 - 81*l**2 + 240*l - 1506. Determine h(78).
-1038
Let r(u) = 3*u**2 - 10408*u - 73027. Determine r(-7).
-24
Let q(t) = 440913*t + 9700079. Give q(-22).
-7
Let g(l) = 12*l**3 - 117*l**2 - 30*l + 183. What is g(10)?
183
Let n(a) = -19537*a + 547092. Give n(28).
56
Let r(w) = 8528*w + 42660. What is r(-5)?
20
Let h(l) = 22*l**3 + l**2 - 224*l - 448. Calculate h(-2).
-172
Let k(c) = -395*c**2 + 122447*c + 933. What is k(310)?
3
Let o(c) = 29*c**2 - 2246*c + 4382. Give o(2).
6
Let o(q) = q**3 + 147*q**2 - 155*q - 993. Determine o(-148).
43
Let p(t) = t**3 + 123*t**2 + 311*t - 45799. Calculate p(-117).
-52
Let o(l) = -6*l**2 - 2192*l - 31527. Calculate o(-15).
3
Let y(v) = -3*v**2 - 37313*v + 149318. Give y(4).
18
Let z(g) = 7783*g + 7066963. What is z(-908)?
-1
Let b(m) = 2*m**2 - 5898*m - 136759. Determine b(-23).
-47
Let y(s) = -34202*s - 3009787. Give y(-88).
-11
Let h(t) = t**2 + 27*t - 77. Calculate h(-7).
-217
Let u(h) = -h**3 - 214*h**2 - 191*h + 3119. What is u(-213)?
-1567
Let c(q) = -9531*q - 19170. Calculate c(-2).
-108
Let a(m) = 82767*m + 1738102. What is a(-21)?
-5
Let f(g) = -2604*g + 302063. Calculate f(116).
-1
Let i(u) = -19*u**3 + 706*u**2 - 107*u - 156. What is i(37)?
-8
Let t(s) = -11188*s + 11187. Determine t(1).
-1
Let t(u) = -u**3 - 16*u**2 + 121*u - 185. Determine t(-22).
57
Let p(c) = -8*c**2 - 2137*c - 22800. Determine p(-256).
-16
Let k(w) = 53*w + 10243. Calculate k(-196).
-145
Let n(x) = 2429*x + 19523. Give n(-8).
91
Let v(h) = -1125*h**2 + 84*h - 1. Give v(-1).
-1210
Let r(v) = v**3 + 91*v**2 - 890*v - 73414. Determine r(-92).
2
Let j(b) = 24*b**2 - 319*b + 1049. Give j(6).
-1
Let b(q) = -64*q**2 + 170*q + 976. Calculate b(-6).
-2348
Let x(p) = p**2 + 413*p - 27282. What is x(58)?
36
Let x(o) = 245*o**3 + 14695*o**2 - 297*o + 195. Calculate x(-60).
15
Let p(u) = 4*u**2 + 1017851*u - 3053587. What is p(3)?
2
Let g(f) = 5*f**2 + 60*f + 91. What is g(-11)?
36
Let p(d) = d**3 + 34*d**2 - 115*d - 202. What is p(-37)?
-54
Let t(g) = -241052*g + 1446294. Calculate t(6).
-18
Let y(t) = -t**2 - 430149*t + 4301584. What is y(10)?
-6
Let q(u) = -u**3 - 836*u**2 - 43686*u - 363. What is q(-56)?
-27
Let i(t) = -481*t - 4137. Calculate i(-8).
-289
Let n(t) = 5*t**3 + 6*t**2 - 240*t + 1180. What is n(5)?
755
Let r(x) = x**3 - 49*x**2 - 342*x + 287. Calculate r(55).
-373
Let u(b) = 397*b + 148490. What is u(-374)?
12
Let s(h) = -4*h**3 - 86*h**2 - 135*h + 422. What is s(-20)?
722
Let a(d) = -24*d**2 + 198*d - 227. What is a(9)?
-389
Let o(k) = -2682*k + 109792. What is o(41)?
-170
Let w(r) = r**3 + 16*r**2 - 131*r - 1925. What is w(-10)?
-15
Let k(b) = 3*b**3 + 146*b**2 + 87*b - 165. Calculate k(-48).
267
Let x(g) = 2*g**3 + 64*g**2 - 299*g + 49. Calculate x(4).
5
Let f(k) = 50948*k - 10342454. Calculate f(203).
-10
Let g(j) = j**2 + 20945*j - 167626. Determine g(8).
-2
Let u(j) = 5762*j - 25548. Determine u(5).
3262
Let k(j) = -2*j**3 - 111*j**2 - 167*j - 354. Determine k(-54).
-84
Let f(k) = -654*k + 852153. What is f(1303)?
-9
Let r(k) = 84*k**2 - 10402*k - 2043. What is r(124)?
-307
Let a(x) = -x**2 - 43*x + 3948. What is a(33)?
1440
Let l(p) = -64*p**3 + 28*p**2 - 18. Calculate l(-2).
606
Let f(u) = 496*u - 144420. Calculate f(292).
412
Let w(l) = -42*l**2 + 2791*l + 1521. What is w(67)?
-20
Let a(y) = -y**3 - 10*y**2 - 559*y - 5793. Calculate a(-10).
-203
Let l(d) = -32501*d - 1559992. Give l(-48).
56
Let y(g) = -18*g**3 + 485*g**2 + 16*g + 59. Calculate y(27).
-238
Let u(i) = -26*i**2 + 2650*i - 19. Give u(102).
-223
Let d(p) = 3*p**3 - 959*p**2 + 1538*p + 16524. What is d(318)?
-12
Let m(y) = 41*y**3 - 115*y**2 + 220*y + 12. Calculate m(2).
320
Let f(q) = -230922*q + 4156630. Determine f(18).
34
Let w(q) = q**3 - 11*q + 144. What is w(11)?
1354
Let k(m) = 1228*m + 123082. What is k(-100)?
282
Let a(w) = -2*w**3 - 801*w**2 - 4720*w - 35. Calculate a(-6).
-119
Let c(s) = 73004*s + 40225204. Give c(-551).
0
Let l(n) = -n**3 + 4*n**2 - 3507*n + 14061. Determine l(4).
33
Let c(d) = -d**3 - 33*d**2 + 1675*d + 55798. What is c(-34)?
4
Let v(f) = -f**3 - 424*f**2 - 4950*f - 2462. What is v(-412)?
10
Let u(v) = -42*v**3 + 3*v**2 - 15548*v - 31093. Calculate u(-2).
351
Let d(v) = -2*v**2 + 246*v + 10691. Determine d(-34).
15
Let u(s) = 3*s**2 + 210*s - 7129. Give u(26).
359
Let l(v) = 3916*v + 86179. Give l(-22).
27
Let w(o) = -3*o**2 - 15473*o - 77342. Calculate w(-5).
-52
Let h(o) = o**2 - 62530*o - 5071487. What is h(-81)?
4
Let v(g) = 7*g**3 - 11*g**2 + 62*g - 597. Give v(9).
4173
Let o(a) = -31857*a - 38100975. Determine o(-1196).
-3
Let q(g) = -3*g**3 + 26*g**2 + 143*g + 69. Give q(13).
-269
Let g(j) = -224*j - 4629. What is g(-13)?
-1717
Let d(q) = -8*q**2 - 77*q + 1110. Give d(20).
-3630
Let t(p) = -p**3 - p**2 + 265*p - 51. Give t(16).
-163
Let p(h) = -h**3 - 9*h**2 + 1283*h + 10297. Give p(-8).
-31
Let p(c) = -11*c**3 + 171*c**2 - 87*c - 40. Give p(15).
5
Let k(d) = 3682*d - 3206. Determine k(1).
476
Let k(r) = -109*r + 589. Give k(-30).
3859
Let l(u) = -18*u**3 - 612*u**2 + 12*u + 403. Give l(-34).
-5
Let r(w) = 28181*w - 366310. Determine r(13).
43
Let y(f) = -f**3 + 31*f**2 + 82*f - 701. Give y(33).
-173
Let z(a) = 3*a**2 - 154*a - 87. Determine z(53).
178
Let y(c) = 5*c**3 + 2001*c**2 + 403*c + 1120. What is y(-400)?
-80
Let j(q) = q**3 - 10*q**2 + 2130*q - 19095. Calculate j(9).
-6
Let r(n) = 996*n - 8171. What is r(8)?
-203
Let h(u) = 12*u**2 - 109*u + 664. Calculate h(8).
560
Let x(a) = -a**2 + 14*a + 10834. What is x(111)?
67
Let r(w) = -15*w**2 + 14*w + 59. What is r(7)?
-578
Let v(r) = -12982*r + 65779. Calculate v(5).
869
Let c(r) = r**3 - 269*r**2 + 1151*r - 24120. Calculate c(265).
-5
Let z(j) = -11224*j + 4287567. Determine z(382).
-1
Let u(m) = 58*m**3 + 926*m**2 - 167*m - 2142. Give u(-16).
18
Let f(u) = 3*u**2 - 619*u - 71650. Determine f(289).
22
